{"id":43,"date":"2021-09-26T20:58:00","date_gmt":"2021-09-26T18:58:00","guid":{"rendered":"https:\/\/piterevyn.se\/?page_id=43"},"modified":"2025-12-23T10:28:38","modified_gmt":"2025-12-23T09:28:38","slug":"forestallningar","status":"publish","type":"page","link":"https:\/\/piterevyn.se\/?page_id=43","title":{"rendered":"BOKA REVYN"},"content":{"rendered":"\n<div class=\"wp-block-cover aligncenter has-custom-content-position is-position-bottom-center\"><span aria-hidden=\"true\" class=\"wp-block-cover__background has-background-dim\"><\/span><img fetchpriority=\"high\" decoding=\"async\" width=\"2560\" height=\"1069\" class=\"wp-block-cover__image-background wp-image-1223\" alt=\"\" src=\"https:\/\/piterevyn.se\/wp-content\/uploads\/2025\/11\/PITEA-4_imgupscaler.ai_General_16K-1-scaled.jpg\" data-object-fit=\"cover\" srcset=\"https:\/\/piterevyn.se\/wp-content\/uploads\/2025\/11\/PITEA-4_imgupscaler.ai_General_16K-1-scaled.jpg 2560w, https:\/\/piterevyn.se\/wp-content\/uploads\/2025\/11\/PITEA-4_imgupscaler.ai_General_16K-1-300x125.jpg 300w, https:\/\/piterevyn.se\/wp-content\/uploads\/2025\/11\/PITEA-4_imgupscaler.ai_General_16K-1-1024x428.jpg 1024w, https:\/\/piterevyn.se\/wp-content\/uploads\/2025\/11\/PITEA-4_imgupscaler.ai_General_16K-1-768x321.jpg 768w, https:\/\/piterevyn.se\/wp-content\/uploads\/2025\/11\/PITEA-4_imgupscaler.ai_General_16K-1-1536x641.jpg 1536w, https:\/\/piterevyn.se\/wp-content\/uploads\/2025\/11\/PITEA-4_imgupscaler.ai_General_16K-1-2048x855.jpg 2048w, https:\/\/piterevyn.se\/wp-content\/uploads\/2025\/11\/PITEA-4_imgupscaler.ai_General_16K-1-850x355.jpg 850w\" sizes=\"(max-width: 2560px) 100vw, 2560px\" \/><div class=\"wp-block-cover__inner-container is-layout-constrained wp-block-cover-is-layout-constrained\">\n<blockquote class=\"wp-block-quote\">\n<div class=\"wp-block-buttons is-layout-flex wp-container-1 wp-block-buttons-is-layout-flex\">\n<div class=\"wp-block-button\"><a class=\"wp-block-button__link has-text-align-center wp-element-button\" href=\"http:\/\/tickster.com\/sv\/events\/search?q=piterevyn\" target=\"_blank\" rel=\"noreferrer noopener\"><strong><mark style=\"background-color:rgba(0, 0, 0, 0)\" class=\"has-inline-color has-luminous-vivid-amber-color\">BOKA BILJETTER H\u00c4R<\/mark><\/strong><\/a><\/div>\n<\/div>\n<\/blockquote>\n<\/div><\/div>\n\n\n\n<h2 class=\"wp-block-heading\"><\/h2>\n\n\n\n<div class=\"wp-block-buttons is-content-justification-right is-layout-flex wp-container-3 wp-block-buttons-is-layout-flex\">\n<div class=\"wp-block-button\"><a class=\"wp-block-button__link wp-element-button\" href=\"https:\/\/www.google.com\/maps\/place\/Christinasalen+-+Folkets+Hus+Pite%C3%A5\/@65.3200575,21.4854024,17z\/data=!4m14!1m7!3m6!1s0x467f17ba10f2dbd1:0xcc42ef28268d53d5!2sChristina+Kultur!8m2!3d65.3200575!4d21.4854024!16s%2Fg%2F11l2hpqw_4!3m5!1s0x467f17208c6b567f:0x572e1c71089069bf!8m2!3d65.3197985!4d21.4862401!16s%2Fg%2F11pcb0wgmg?hl=sv&amp;entry=ttu&amp;g_ep=EgoyMDI1MTAyOS4yIKXMDSoASAFQAw%3D%3D\" target=\"_blank\" rel=\"noreferrer noopener\"><strong><mark style=\"background-color:rgba(0, 0, 0, 0)\" class=\"has-inline-color has-luminous-vivid-amber-color\">HITTA HIT<\/mark><\/strong><\/a><\/div>\n<\/div>\n\n\n\n<h2 class=\"wp-block-heading\"><\/h2>\n\n\n\n<h1 class=\"wp-block-heading has-text-align-center\"><strong>Nu \u00e4r biljetterna sl\u00e4ppta till \u00e5rets revy. <\/strong><\/h1>\n\n\n\n<h2 class=\"wp-block-heading\"><\/h2>\n\n\n\n<h2 class=\"wp-block-heading\"><\/h2>\n\n\n\n<h2 class=\"wp-block-heading\"><\/h2>\n\n\n\n<h1 class=\"wp-block-heading has-text-align-center\"><mark style=\"background-color:rgba(0, 0, 0, 0)\" class=\"has-inline-color has-luminous-vivid-amber-color\">SPELSCHEMA 2026<\/mark><\/h1>\n\n\n\n<div class=\"wp-block-columns is-layout-flex wp-container-13 wp-block-columns-is-layout-flex\">\n<div class=\"wp-block-column is-layout-flow wp-block-column-is-layout-flow\">\n<div class=\"wp-block-group is-vertical is-content-justification-center is-layout-flex wp-container-6 wp-block-group-is-layout-flex\">\n<h2 class=\"wp-block-heading has-text-align-center\">                 <mark style=\"background-color:rgba(0, 0, 0, 0)\" class=\"has-inline-color has-cyan-bluish-gray-color\"> Fredag 23\/1 kl. 19.00&nbsp; &nbsp; &nbsp;Premi\u00e4r<br>L\u00f6rdag 24\/1 kl. 19.00<br>Fredag 30\/1 kl. 19.00<br>L\u00f6rdag 31\/1 kl. 14.00<br>L\u00f6rdag 31\/1 kl. 19.00<\/mark><\/h2>\n\n\n\n<div class=\"wp-block-columns is-layout-flex wp-container-5 wp-block-columns-is-layout-flex\">\n<div class=\"wp-block-column is-layout-flow wp-block-column-is-layout-flow\">\n<h2 class=\"wp-block-heading has-text-align-center\"><strong><mark style=\"background-color:rgba(0, 0, 0, 0)\" class=\"has-inline-color has-cyan-bluish-gray-color\">Fredag 6 \/2 kl. 19.00<br>              L\u00f6rdag 7 \/2 kl. 19.00&nbsp; &nbsp; &nbsp;   Final<\/mark><\/strong><\/h2>\n<\/div>\n<\/div>\n<\/div>\n\n\n\n<p><\/p>\n\n\n\n<h2 class=\"wp-block-heading\"><\/h2>\n\n\n\n<p><\/p>\n\n\n\n<div class=\"wp-block-columns is-layout-flex wp-container-8 wp-block-columns-is-layout-flex\">\n<div class=\"wp-block-column is-layout-flow wp-block-column-is-layout-flow\"><\/div>\n<\/div>\n\n\n\n<h1 class=\"wp-block-heading has-text-align-center\"><strong><mark style=\"background-color:rgba(0, 0, 0, 0)\" class=\"has-inline-color has-luminous-vivid-amber-color\">\u00c4ven i \u00e5r!<\/mark><\/strong><\/h1>\n\n\n\n<h2 class=\"wp-block-heading has-text-align-center\">Tillsammans med Caf\u00e9 R\u00f6da Lyktan kan vi nu erbjuda ni som vill <\/h2>\n\n\n\n<h2 class=\"wp-block-heading has-text-align-center\">att k\u00f6pa \u00f6l och vin i v\u00e5r paus och efter f\u00f6rest\u00e4llningen. <\/h2>\n\n\n\n<h2 class=\"wp-block-heading has-text-align-center\">(G\u00e4ller ej f\u00f6rst\u00e4llning kl. 14.00)<\/h2>\n\n\n\n<h2 class=\"wp-block-heading has-text-align-center\"><em><strong><mark style=\"background-color:rgba(0, 0, 0, 0)\" class=\"has-inline-color has-vivid-green-cyan-color\">Naturligtvis serverar vi vanligt fika och alkoholfria drycker ocks\u00e5.<\/mark><\/strong><\/em><\/h2>\n\n\n\n<p><\/p>\n\n\n\n<p><\/p>\n\n\n\n<p><\/p>\n\n\n\n<p><\/p>\n\n\n\n<p><\/p>\n\n\n\n<div class=\"wp-block-columns is-layout-flex wp-container-10 wp-block-columns-is-layout-flex\">\n<div class=\"wp-block-column is-layout-flow wp-block-column-is-layout-flow\">\n<blockquote class=\"wp-block-quote\">\n<p><\/p>\n<\/blockquote>\n<\/div>\n<\/div>\n\n\n\n<p><\/p>\n\n\n\n<h1 class=\"wp-block-heading has-text-align-center\"><mark style=\"background-color:rgba(0, 0, 0, 0)\" class=\"has-inline-color has-luminous-vivid-amber-color\">Planer p\u00e5 att bes\u00f6ka revyn?<\/mark><\/h1>\n\n\n\n<h2 class=\"wp-block-heading has-text-align-center\"><mark style=\"background-color:rgba(0, 0, 0, 0)\" class=\"has-inline-color has-light-green-cyan-color\">Varf\u00f6r inte d\u00e5 g\u00f6ra en helkv\u00e4ll av det och ta in p\u00e5 hotell? <\/mark><\/h2>\n\n\n\n<p><\/p>\n\n\n\n<h3 class=\"wp-block-heading has-text-align-center\"><mark style=\"background-color:rgba(0, 0, 0, 0)\" class=\"has-inline-color has-cyan-bluish-gray-color\"><em>Vi erbjuder f\u00f6rm\u00e5nliga priser p\u00e5 boende.<\/em><\/mark><\/h3>\n\n\n\n<h3 class=\"wp-block-heading has-text-align-center\"><em><strong><mark style=\"background-color:rgba(0, 0, 0, 0)\" class=\"has-inline-color has-cyan-bluish-gray-color\">Mot uppvisande av biljett \u00e4r det dessutom 10% rabatt p\u00e5 all mat i <\/mark><\/strong><\/em><\/h3>\n\n\n\n<h3 class=\"wp-block-heading has-text-align-center\"><em><strong><mark style=\"background-color:rgba(0, 0, 0, 0)\" class=\"has-inline-color has-cyan-bluish-gray-color\">Restaurang Fiore under kv\u00e4llen d\u00e5 biljetten \u00e4r giltig. <\/mark><\/strong><\/em><\/h3>\n\n\n\n<h3 class=\"wp-block-heading has-text-align-center\"><em><strong><mark style=\"background-color:rgba(0, 0, 0, 0)\" class=\"has-inline-color has-cyan-bluish-gray-color\">Dagar d\u00e5 revyn b\u00f6rjar 19:00 \u00f6ppnar restaurangen redan 16:00 s\u00e5 ni hinner <\/mark><\/strong><\/em><\/h3>\n\n\n\n<h3 class=\"wp-block-heading has-text-align-center\"><em><strong><mark style=\"background-color:rgba(0, 0, 0, 0)\" class=\"has-inline-color has-cyan-bluish-gray-color\">\u00e4ta i lugn och ro.<\/mark><\/strong><\/em><br><em><strong><mark style=\"background-color:rgba(0, 0, 0, 0)\" class=\"has-inline-color has-cyan-bluish-gray-color\">(G\u00e4ller \u00e4ven om man inte \u00f6vernattar&nbsp;p\u00e5 hotellet.)<\/mark><\/strong><\/em><\/h3>\n\n\n\n<p><\/p>\n\n\n\n<div class=\"wp-block-buttons is-content-justification-center is-layout-flex wp-container-11 wp-block-buttons-is-layout-flex\">\n<div class=\"wp-block-button is-style-fill\"><a class=\"wp-block-button__link wp-element-button\" href=\"https:\/\/piteastadshotell.com\/events\/\" target=\"_blank\" rel=\"noreferrer noopener\"><strong><mark style=\"background-color:rgba(0, 0, 0, 0)\" class=\"has-inline-color has-luminous-vivid-amber-color\">BOKA HOTELL H\u00c4R<\/mark><\/strong><\/a><\/div>\n<\/div>\n<\/div>\n<\/div>\n\n\n\n<h2 class=\"wp-block-heading\"><\/h2>\n\n\n\n<p><\/p>\n\n\n\n<h1 class=\"wp-block-heading has-text-align-center\"><strong><mark style=\"background-color:rgba(0, 0, 0, 0)\" class=\"has-inline-color has-luminous-vivid-orange-color\"><em>Kom och njut av en rolig och galen show som b\u00e5de roar och oroar! <\/em><\/mark><\/strong><\/h1>\n\n\n\n<blockquote class=\"wp-block-quote\">\n<p class=\"has-text-align-center\"><\/p>\n<\/blockquote>\n\n\n\n<p class=\"has-text-align-center\"><\/p>\n\n\n\n<h2 class=\"wp-block-heading has-text-align-center\"><\/h2>\n\n\n\n<p><\/p>\n\n\n\n<h2 class=\"wp-block-heading\"><\/h2>\n\n\n<div class=\"wp-block-image\">\n<figure class=\"aligncenter size-full is-resized wp-duotone-fcb900-000000-14\"><img decoding=\"async\" width=\"225\" height=\"225\" src=\"https:\/\/piterevyn.se\/wp-content\/uploads\/2023\/11\/images5.png\" alt=\"\" class=\"wp-image-688\" style=\"aspect-ratio:1.2152777777777777;width:841px;height:auto\" srcset=\"https:\/\/piterevyn.se\/wp-content\/uploads\/2023\/11\/images5.png 225w, https:\/\/piterevyn.se\/wp-content\/uploads\/2023\/11\/images5-150x150.png 150w, https:\/\/piterevyn.se\/wp-content\/uploads\/2023\/11\/images5-100x100.png 100w\" sizes=\"(max-width: 225px) 100vw, 225px\" \/><\/figure><\/div>\n\n\n<h1 class=\"wp-block-heading has-text-align-center\"><\/h1>\n","protected":false},"excerpt":{"rendered":"<p>Nu \u00e4r biljetterna sl\u00e4ppta till \u00e5rets revy. SPELSCHEMA 2026 Fredag 23\/1 kl. 19.00&nbsp; &nbsp; &nbsp;Premi\u00e4rL\u00f6rdag 24\/1 kl. 19.00Fredag 30\/1 kl. 19.00L\u00f6rdag 31\/1 kl. 14.00L\u00f6rdag 31\/1 kl. 19.00 Fredag 6 \/2 kl. 19.00 L\u00f6rdag 7 \/2 kl. 19.00&nbsp; &nbsp; &nbsp; Final \u00c4ven i \u00e5r! Tillsammans med Caf\u00e9 R\u00f6da Lyktan kan vi nu erbjuda ni som vill&#8230;<\/p>\n","protected":false},"author":1,"featured_media":0,"parent":0,"menu_order":0,"comment_status":"closed","ping_status":"closed","template":"","meta":{"footnotes":""},"_links":{"self":[{"href":"https:\/\/piterevyn.se\/index.php?rest_route=\/wp\/v2\/pages\/43"}],"collection":[{"href":"https:\/\/piterevyn.se\/index.php?rest_route=\/wp\/v2\/pages"}],"about":[{"href":"https:\/\/piterevyn.se\/index.php?rest_route=\/wp\/v2\/types\/page"}],"author":[{"embeddable":true,"href":"https:\/\/piterevyn.se\/index.php?rest_route=\/wp\/v2\/users\/1"}],"replies":[{"embeddable":true,"href":"https:\/\/piterevyn.se\/index.php?rest_route=%2Fwp%2Fv2%2Fcomments&post=43"}],"version-history":[{"count":220,"href":"https:\/\/piterevyn.se\/index.php?rest_route=\/wp\/v2\/pages\/43\/revisions"}],"predecessor-version":[{"id":1538,"href":"https:\/\/piterevyn.se\/index.php?rest_route=\/wp\/v2\/pages\/43\/revisions\/1538"}],"wp:attachment":[{"href":"https:\/\/piterevyn.se\/index.php?rest_route=%2Fwp%2Fv2%2Fmedia&parent=43"}],"curies":[{"name":"wp","href":"https:\/\/api.w.org\/{rel}","templated":true}]}}